hat is n(5)?
-6
Let t(j) = j**3 - 3*j**2 - 2*j - 5. What is t(4)?
3
Let p(w) = 8*w**2 - 4*w + 4. Give p(2).
28
Let o(s) = -5*s - 21. Determine o(-4).
-1
Let c(k) = -2*k**3 - 3*k**2 - 8*k + 1. Determine c(-2).
21
Let t(y) = -y**2 + 11*y - 11. Give t(11).
-11
Let s(v) = -50*v - 202. Determine s(-4).
-2
Let t(h) = h**3 + 9*h**2 - 8. Give t(-9).
-8
Let w(i) = i**3 - 5*i**2 + i - 8. What is w(3)?
-23
Let z(l) = 53*l**3 + l**2. What is z(-1)?
-52
Let y(m) = m**3 + 4*m**2 - 13*m - 11. Calculate y(-6).
-5
Let f(v) = v**2 - 13*v - 18. What is f(15)?
12
Let y(h) = 13*h + 97. What is y(-5)?
32
Let k(f) = f**3 - 4*f - 9. Give k(0).
-9
Let y(x) = x**2 - 11*x - 51. Determine y(-6).
51
Let g(p) = -p**2 + 9*p + 19. What is g(12)?
-17
Let v(p) = -3*p - 7. Calculate v(5).
-22
Let j(w) = 39*w**2 + 428*w + 5. Calculate j(-11).
16
Let h(v) = v**2 - 20*v + 24. What is h(19)?
5
Let c(y) = y - 23. Calculate c(8).
-15
Let k(a) = -18*a - 183. Give k(-7).
-57
Let l(v) = v**3 - 15*v**2 + 19*v + 83. Calculate l(13).
-8
Let c(p) = -p - 4. What is c(-9)?
5
Let c(y) = -2*y**2 + 12*y + 13. Give c(9).
-41
Let q(w) = w**2 - 27*w - 61. Calculate q(29).
-3
Let t(s) = -2*s + 23. What is t(7)?
9
Let k(g) = -3*g + 25. Determine k(15).
-20
Let q(j) = j**3 - j**2 - 2*j - 1. Calculate q(-2).
-9
Let o(v) = -2*v**2 - 8*v - 12. Calculate o(-2).
-4
Let i(s) = 3*s**3 + 2*s**2 + 2*s - 3. Give i(-3).
-72
Let k(h) = -h**2 + 7*h + 69. What is k(13)?
-9
Let w(l) = -l**3 + 5*l**2 - l + 2. Determine w(5).
-3
Let s(q) = -10*q + 180. Determine s(19).
-10
Let i(b) = 5*b - 7. Give i(3).
8
Let i(n) = 2*n**3 + 13*n**2 - 26*n - 8. Calculate i(-8).
8
Let x(p) = 86*p + 4. Determine x(-1).
-82
Let q(l) = -3*l + 27. What is q(9)?
0
Let f(u) = u**3 - 11*u**2 - 12*u + 2. What is f(12)?
2
Let o(b) = b**3 + 20*b**2 + 35*b - 14. Give o(-18).
4
Let g(u) = -3*u**3 + u**2 - u + 1. Give g(1).
-2
Let n(w) = -19*w**2 - 3*w - 2. Determine n(-1).
-18
Let r(k) = -k**2 + 9*k + 56. Determine r(14).
-14
Let m(c) = 6*c**2 - 3*c - 6. Calculate m(-3).
57
Let r(u) = -u**2 + 1. Calculate r(5).
-24
Let x(d) = -d + 28. Calculate x(7).
21
Let c(f) = f**3 - 11*f**2 + 10*f - 14. Calculate c(10).
-14
Let b(x) = x**3 + x**2 + x - 22. Determine b(0).
-22
Let i(q) = q**3 - 22*q**2 + 23*q - 48. Calculate i(21).
-6
Let m(b) = b - 135. Determine m(0).
-135
Let n(o) = o**3 + 8*o**2 + 5*o + 22. Give n(-8).
-18
Let f(w) = -4*w**2 - w + 1. Give f(-2).
-13
Let i(n) = 26*n - 541. Give i(20).
-21
Let u(o) = o**3 - 28*o**2 + 53*o - 32. Give u(26).
-6
Let g(h) = 3*h**2 + 1. Calculate g(1).
4
Let d(k) = 6*k + 25. Determine d(3).
43
Let x(a) = -a**2 - 25*a + 21. What is x(-26)?
-5
Let b(m) = -4*m - 3. Determine b(5).
-23
Let a(s) = 2*s - 21. Determine a(14).
7
Let s(m) = -m**3 + 12*m**2 - 13*m + 2. Determine s(11).
-20
Let f(b) = -b**2 + 4*b + 5. Determine f(10).
-55
Let g(h) = h**3 + 33*h**2 + 31*h - 65. Determine g(-32).
-33
Let q(t) = -t**3 + 13*t**2 + 17. Calculate q(13).
17
Let j(b) = -b**2 - 12*b - 23. Calculate j(-16).
-87
Let q(l) = 79*l + 3. Calculate q(-1).
-76
Let m(t) = 2*t**3 - 3*t**2 - 5*t - 4. What is m(5)?
146
Let t(g) = -17*g - 34. What is t(0)?
-34
Let y(o) = -83*o - 1. Calculate y(1).
-84
Let f(z) = 2*z + 54. Give f(-26).
2
Let q(v) = -3*v**2 - 6*v + 21. Calculate q(2).
-3
Let j(p) = -21*p + 426. Calculate j(20).
6
Let l(n) = -n**2 - 2*n + 8. Calculate l(0).
8
Let l(a) = -11*a + 19. Calculate l(3).
-14
Let d(q) = q**2 - 4*q - 4. Calculate d(3).
-7
Let g(v) = 4*v - 122. Determine g(30).
-2
Let m(d) = -d**3 - 7*d**2 + 28*d - 10. Determine m(-10).
10
Let h(f) = -7*f**3 - f**2 - 2*f + 2. Determine h(1).
-8
Let h(s) = -6*s**2 - 16*s - 40. What is h(-2)?
-32
Let z(k) = -k**3 + 4*k**2 + 9*k - 24. What is z(5)?
-4
Let b(h) = -h**2 + 7*h - 14. Calculate b(3).
-2
Let u(c) = -c**2 - 10*c + 14. Determine u(-10).
14
Let o(y) = 4*y**2 - 5*y + 1. What is o(2)?
7
Let k(r) = 26*r + 357. Calculate k(-14).
-7
Let j(z) = 40*z + 248. Determine j(-6).
8
Let z(b) = b**2 + 24*b - 27. Give z(-26).
25
Let j(y) = -7*y - 5. Determine j(-2).
9
Let j(a) = 2*a**2 - 4*a - 13. Calculate j(5).
17
Let a(g) = -3*g**2 + 17*g - 5. Determine a(5).
5
Let d(m) = -8*m + 88. Calculate d(12).
-8
Let k(v) = 2*v - 13. Give k(8).
3
Let f(x) = -11*x - 4. Calculate f(2).
-26
Let k(t) = -2*t**3 + t**2 + 5*t - 4. What is k(3)?
-34
Let a(n) = 2*n**2 + 16*n - 1. What is a(2)?
39
Let c(a) = a**3 - 5*a**2 - 2*a - 3. Determine c(6).
21
Let z(d) = 5*d - 18. Determine z(5).
7
Let m(y) = -y**3 + 8*y**2 - 9*y + 16. What is m(7)?
2
Let c(q) = 4*q**2 - 4*q + 1. Determine c(3).
25
Let d(o) = o**3 - 9*o**2 + 5*o + 22. Calculate d(8).
-2
Let h(p) = -p**3 - 4*p**2 - 3*p - 2. Calculate h(-3).
-2
Let t(j) = j**3 + 19*j**2 - 21. Determine t(-19).
-21
Let o(r) = 2*r**3 - r**2 - 10*r + 11. Determine o(3).
26
Let h(z) = 4*z + 1. What is h(-6)?
-23
Let b(z) = 3*z**3 - 2*z. What is b(-2)?
-20
Let w(v) = -31*v**2 - 154*v + 6. Calculate w(-5).
1
Let l(h) = -4*h**2 - 82*h + 36. Calculate l(-21).
-6
Let g(z) = -z**2 - 10. Determine g(0).
-10
Let v(s) = s**3 - 9*s**2 + 13*s + 2. Determine v(7).
-5
Let r(o) = 2*o**3 - 47*o**2 - 18*o - 138. Give r(24).
6
Let t(j) = j**3 + 27*j**2 - 27*j + 65. What is t(-28)?
37
Let r(h) = -h**2 + 8*h + 6. Determine r(6).
18
Let h(g) = -g**3 + 9*g**2 + 10*g - 15. What is h(10)?
-15
Let r(z) = -4*z + 13. Give r(6).
-11
Let q(v) = -11*v**2 + 2*v + 8. Determine q(-2).
-40
Let h(l) = -l**2 - 17*l - 60. What is h(-8)?
12
Let h(w) = -w**3 - 18*w**2 - 18*w - 23. Determine h(-17).
-6
Let b(z) = -z**3 - 6*z**2 + 2*z - 8. What is b(-6)?
-20
Let f(s) = -s**3 + s - 20. Calculate f(0).
-20
Let c(z) = 8*z**3 - 3*z**2 + 11*z - 9. Give c(1).
7
Let x(y) = y + 4. Calculate x(-12).
-8
Let b(v) = -v**3 - 14*v**2 + 13*v + 137. Determine b(-14).
-45
Let l(j) = j**2 + 52*j + 57. Calculate l(-51).
6
Let d(r) = 2*r**3 + 23*r**2 + 44*r - 21. Determine d(-9).
-12
Let l(k) = -5*k**2 - 5*k + 1. What is l(1)?
-9
Let a(y) = 2*y**2 - 6*y. Calculate a(-1).
8
Let j(r) = -3*r + 44. What is j(19)?
-13
Let i(j) = j**3 - j**2 - 4*j - 5. Give i(-2).
-9
Let r(t) = 2*t - 2. Give r(-3).
-8
Let m(h) = -2*h - 38. Give m(7).
-52
Let m(p) = -13*p + 463. Give m(36).
-5
Let h(u) = -6*u**2 - 14*u + 7. Calculate h(-3).
-5
Let v(d) = -d**2 - 12*d - 21. Calculate v(-9).
6
Let t(v) = -7*v - 48. Give t(-7).
1
Let t(v) = v**3 + 5*v**2 - 1. Give t(-5).
-1
Let k(b) = b**3 - 5*b**2 + 4*b + 1. Determine k(3).
-5
Let i(j) = -40*j + 77. What is i(2)?
-3
Let p(j) = -5*j + 2. Give p(4).
-18
Let q(i) = -3*i + 20. Determine q(-9).
47
Let g(a) = a**2 - 20*a + 24. Give g(19).
5
Let c(f) = 2*f + 2. Give c(-3).
-4
Let k(l) = l**2 - 8*l + 16. Determine k(5).
1
Let p(a) = -a**3 + 8*a**2 + 11*a - 6. What is p(9)?
12
Let m(x) = -4*x + 3. What is m(2)?
-5
Let j(v) = -v**3 + 14*v**2 - 11*v + 6. Give j(14).
-148
Let o(w) = w - 9. Calculate o(-6).
-15
Let i(f) = -f**3 - 9*f**2 + 14*f + 21. Calculate i(-10).
-19
Let q(m) = -m**3 - 61*m**2 - 118*m - 19. Give q(-59).
-19
Let f(a) = a**2 - 3*a - 3. Give f(6).
15
Let w(a) = 7*a**2 + 2*a. Determine w(1).
9
Let p(t) = -t**2 - 5*t - 13. Calculate p(-15).
-163
Let l(y) = y**2 - 5*y + 3. Give l(3).
-3
Let p(y) = -y - 20. What is p(8)?
-28
Let u(x) = 2*x**2 - x - 3. Give u(4).
25
Let s(o) = 2*o**2 - 4*o + 2. What is s(3)?
8
Let s(q) = 2*q**2 + 11*q - 14. What is s(-7)?
7
Let p(s) = -s**3 + 7*s**2 - s + 12. Calculate p(7).
5
Let l(i) = i**3 - 31*i**2 - 36*i + 73. Determine l(32).
-55
Let s(w) = w + 3. Calculate s(-2).
1
Let t(s) = s + 2. What is t(-11)?
-9
Let m(j) = -2*j + 7. Determine m(-8).
23
Let d(s) = s**3 - 6*s**2 + s - 2. Calculate d(6).
4
Let d(q) = -q - 7. Give d(2).
-9
Let j(g) = -2*g + 3. Calculate j(-3).
9
Let i(u) = u**2 + 5*u + 5. Calculate i(-4).
1
Let l(s) = 2*s - 15. What is l(-7)?
-29
Let g(t) = -2*t - 6. Calculate g(-2).
-2
Let q(p) = 2*p**3 - 2*p**2 - 4*p - 1. What is q(5)?
179
Let i(w) = -w**2 - 29*w - 146. Calculate i(-7).
8
Let j(q) = -3*q - 3. What is j(16)?
-51
Let n(x) = -x**2 - 6*x + 119. Determine n(8).
7
Let g(f) = -f**3 - 6*f**2 - 5*f. What is g(-3)?
-12
Let r(b) = 22*b**3 - 3*b**2 - 4*b - 1. What is r(-1)?
-22
Let k(l) = -l**3 - 3*l**2 - 1. What is k(-2)?
-5
Let a(j) = 17*j + 45. Calculate a(5).
130
Let j(i) = -4*i + 18. Determine j(0).
18
Let c(f) = -f**3 + 35*f**2 + f - 28. Deter